70.
9
Calculate the highest common divisor of 8 and 316.
4
What is the highest common factor of 144 and 27?
9
Calculate the highest common factor of 3165 and 15.
15
What is the greatest common divisor of 53 and 1007?
53
What is the greatest common factor of 104 and 56?
8
What is the greatest common divisor of 560 and 1750?
70
Calculate the greatest common divisor of 112 and 32.
16
What is the highest common divisor of 896 and 210?
14
Calculate the highest common divisor of 26 and 3601.
13
Calculate the highest common divisor of 142 and 8378.
142
What is the greatest common divisor of 28 and 196?
28
What is the greatest common factor of 78 and 1950?
78
Calculate the greatest common divisor of 531 and 36.
9
What is the greatest common factor of 455 and 1040?
65
What is the highest common factor of 236 and 354?
118
Calculate the greatest common factor of 4879 and 574.
287
Calculate the highest common divisor of 222 and 1184.
74
Calculate the highest common divisor of 204 and 170.
34
Calculate the highest common factor of 2240 and 245.
35
Calculate the greatest common factor of 3500 and 1625.
125
What is the highest common divisor of 8 and 244?
4
Calculate the highest common factor of 1331 and 847.
121
Calculate the greatest common divisor of 234 and 52.
26
What is the greatest common divisor of 109 and 2725?
109
Calculate the greatest common divisor of 219 and 6.
3
What is the highest common divisor of 54 and 126?
18
What is the highest common factor of 18 and 96?
6
Calculate the highest common divisor of 9815 and 260.
65
Calculate the highest common divisor of 420 and 20.
20
Calculate the highest common factor of 512 and 40.
8
What is the greatest common divisor of 1450 and 232?
58
What is the greatest common factor of 728 and 56?
56
What is the highest common factor of 697 and 51?
17
Calculate the greatest common divisor of 544 and 24.
8
Calculate the highest common factor of 51 and 2278.
17
Calculate the highest common factor of 663 and 51.
51
What is the greatest common divisor of 561 and 66?
33
Calculate the highest common factor of 1480 and 40.
40
What is the greatest common factor of 6986 and 14?
14
Calculate the greatest common factor of 56 and 6482.
14
What is the greatest common factor of 10 and 90?
10
Calculate the greatest common factor of 15051 and 261.
87
Calculate the highest common factor of 4 and 225.
1
What is the highest common factor of 133 and 14?
7
What is the highest common factor of 399 and 513?
57
Calculate the greatest common factor of 56 and 168.
56
Calculate the highest common divisor of 198 and 638.
22
What is the greatest common divisor of 195 and 4485?
195
What is the highest common factor of 16423 and 11?
11
What is the highest common factor of 8 and 76?
4
Calculate the greatest common divisor of 16 and 22.
2
Calculate the greatest common divisor of 194 and 4850.
194
What is the highest common factor of 169 and 481?
13
What is the highest common factor of 56 and 392?
56
Calculate the highest common factor of 95 and 1900.
95
What is the greatest common divisor of 1957 and 19?
19
What is the highest common factor of 1073 and 58?
29
What is the greatest common factor of 355 and 10?
5
Calculate the highest common factor of 176 and 768.
16
Calculate the highest common divisor of 2 and 34.
2
What is the highest common factor of 1073 and 37?
37
What is the greatest common factor of 731 and 34?
17
What is the highest common factor of 44 and 704?
44
What is the greatest common factor of 3404 and 259?
37
What is the greatest common factor of 32 and 32?
32
Calculate the highest common divisor of 1180 and 140.
20
What is the greatest common divisor of 464 and 2291?
29
Calculate the highest common factor of 65 and 635.
5
Calculate the highest common divisor of 896 and 1024.
128
What is the highest common factor of 1632 and 72?
24
What is the greatest common divisor of 35 and 425?
5
Calculate the greatest common factor of 13650 and 91.
91
Calculate the highest common divisor of 119 and 34.
17
Calculate the greatest common factor of 210 and 1190.
70
Calculate the greatest common divisor of 2494 and 774.
86
Calculate the highest common factor of 32 and 160.
32
What is the greatest common divisor of 7147 and 7?
7
Calculate the greatest common divisor of 1763 and 43.
43
Calculate the highest common factor of 505 and 1919.
101
What is the greatest common divisor of 115 and 414?
23
What is the highest common divisor of 8 and 104?
8
Calculate the greatest common factor of 62 and 9362.
62
What is the greatest common divisor of 365 and 73?
73
Calculate the highest common divisor of 213 and 4.
1
Calculate the greatest common divisor of 3402 and 224.
14
What is the highest common divisor of 1647 and 171?
9
What is the greatest common factor of 870 and 20?
10
What is the highest common factor of 666 and 74?
74
Calculate the highest common divisor of 3286 and 248.
62
What is the highest common factor of 24 and 64?
8
Calculate the greatest common factor of 13 and 88699.
13
What is the greatest common factor of 226 and 5537?
113
What is the highest common divisor of 22 and 1342?
22
What is the greatest common divisor of 52 and 949?
13
What is the highest common divisor of 90 and 162?
18
Calculate the highest common divisor of 517 and 33.
11
Calculate the highest common divisor of 1128 and 108.
12
What is the highest common divisor of 145 and 10?
5
What is the greatest common divisor of 64 and 44?
4
Calculate the highest common divisor of 516 and 3225.
129
Calculate the highest common factor of 700 and 1120.
140
Calculate the highest common factor of 180 and 4540.
20
Calculate the highest common divisor of 30 and 156.
6
Calculate the highest common factor of 50 and 110.
10
What is the greatest common factor of 351 and 27?
27
Calculate the greatest common factor of 69 and 46.
23
Calculate the highest common divisor of 6728 and 116.
116
What is the greatest common divisor of 392 and 336?
56
What is the highest common divisor of 10 and 6055?
5
Calculate the highest common divisor of 6784 and 212.
212
What is the highest common divisor of 6 and 22?
2
Calculate the greatest common factor of 352 and 88.
88
Calculate the highest common divisor of 27421 and 17.
17
Calculate the greatest common factor of 60 and 390.
30
Calculate the greatest common factor of 23 and 2461.
23
What is the highest common factor of 310 and 10?
10
What is the highest common factor of 1 and 10?
1
What is the highest common divisor of 20 and 75860?
20
What is the highest common divisor of 2030 and 70?
70
What is the greatest common factor of 1872 and 1040?
208
Calculate the greatest common factor of 122 and 1647.
61
Calculate the greatest common factor of 23 and 345.
23
Calculate the greatest common factor of 26 and 442.
26
Calculate the greatest common factor of 168 and 126.
42
What is the highest common divisor of 679 and 7?
7
Calculate the highest common factor of 897 and 69.
69
Calculate the greatest common divisor of 800 and 136.
8
What is the highest common factor of 2 and 622?
2
Calculate the highest common divisor of 60 and 870.
30
Calculate the greatest common factor of 44 and 1132.
4
Calculate the greatest common factor of 16 and 8.
8
Calculate the greatest common factor of 14 and 5523.
7
What is the greatest common divisor of 260 and 364?
52
Calculate the highest common divisor of 84 and 120.
12
What is the greatest common divisor of 123 and 24?
3
Calculate the greatest common divisor of 360 and 5085.
45
What is the greatest common divisor of 5535 and 123?
123
What is the greatest common factor of 3 and 15?
3
What is the highest common divisor of 240 and 320?
80
What is the highest common divisor of 594 and 108?
54
Calculate the greatest common divisor of 26 and 22.
2
What is the highest common divisor of 66 and 143?
11
What is the highest common factor of 6942 and 78?
78
What is the greatest common factor of 559 and 43?
43
What is the highest common divisor of 44 and 11?
11
What is the greatest common divisor of 6048 and 60?
12
What is the highest common factor of 50 and 21650?
50
What is the greatest common divisor of 44 and 564?
4
Calculate the highest common divisor of 693 and 3663.
99
What is the highest common factor of 159 and 1696?
53
What is the greates